 312079 a composite number?
True
Is 10057 a composite number?
True
Is 268883 a prime number?
True
Is 10481 prime?
False
Is 20693 a composite number?
False
Is 5959 a prime number?
False
Is 181519 a prime number?
False
Is 617047 composite?
True
Is 1148087 composite?
False
Is 60733 composite?
False
Is 21961 a prime number?
True
Is 5941 a composite number?
True
Is 8363 a prime number?
True
Is 17635 composite?
True
Is 143741 prime?
False
Is 3793 composite?
False
Is 58655 prime?
False
Is 361091 a composite number?
False
Is 18713 prime?
True
Is 33127 a composite number?
True
Is 15027 a prime number?
False
Is 1651 prime?
False
Is 1961 a composite number?
True
Is 286985 a composite number?
True
Is 76333 prime?
True
Is 28463 prime?
True
Is 4751 composite?
False
Is 423121 prime?
True
Is 3282293 prime?
False
Is 146021 a composite number?
False
Is 12629 a composite number?
True
Is 139987 composite?
False
Is 257783 composite?
False
Is 8929 a prime number?
True
Is 21577 a prime number?
True
Is 66835 a composite number?
True
Is 49507 a composite number?
True
Is 188749 prime?
False
Is 1511 a prime number?
True
Is 5809 composite?
True
Is 169987 prime?
True
Is 2119 a composite number?
True
Is 742657 composite?
False
Is 1019093 prime?
True
Is 314969 a composite number?
True
Is 4253 prime?
True
Is 656891 prime?
True
Is 278999 composite?
True
Is 1926073 a prime number?
False
Is 303301 a prime number?
False
Is 325667 a composite number?
False
Is 4373 a composite number?
False
Is 514 prime?
False
Is 114887 prime?
False
Is 1009 a composite number?
False
Is 11589 prime?
False
Is 58159 prime?
False
Is 472319 a composite number?
False
Is 1141 a composite number?
True
Is 21453 prime?
False
Is 520777 composite?
True
Is 9017 a prime number?
False
Is 1973 composite?
False
Is 726611 prime?
True
Is 319537 a composite number?
True
Is 1397 composite?
True
Is 4351 a composite number?
True
Is 20807 a composite number?
False
Is 1033421 a prime number?
True
Is 14387 a prime number?
True
Is 138211 a prime number?
False
Is 34019 a composite number?
False
Is 2491 a composite number?
True
Is 92357 a prime number?
True
Is 2232523 a prime number?
True
Is 63647 a prime number?
True
Is 3007 composite?
True
Is 577849 composite?
False
Is 1157 prime?
False
Is 24098 a composite number?
True
Is 158293 a composite number?
False
Is 1545731 composite?
True
Is 47791 a prime number?
True
Is 98063 a composite number?
True
Is 631 prime?
True
Is 70277 a composite number?
True
Is 919 a prime number?
True
Is 13963 composite?
False
Is 101679 a composite number?
True
Is 125017 a prime number?
True
Is 17903 composite?
False
Is 72629 a prime number?
False
Is 5191 a composite number?
True
Is 36671 prime?
True
Is 5583 a composite number?
True
Is 102397 a composite number?
False
Is 1187 composite?
False
Is 297463 a prime number?
False
Is 1409459 a prime number?
True
Is 388081 a prime number?
True
Is 76417 a composite number?
True
Is 537583 prime?
True
Is 6637 composite?
False
Is 8209 composite?
False
Is 219242 a prime number?
False
Is 630913 a composite number?
True
Is 175771 a composite number?
True
Is 141538 prime?
False
Is 9293 composite?
False
Is 16759 a prime number?
True
Is 8509 composite?
True
Is 216091 a composite number?
False
Is 404147 composite?
True
Is 41371 prime?
False
Is 17785 prime?
False
Is 98867 composite?
False
Is 14699 a prime number?
True
Is 196097 prime?
False
Is 1011 a prime number?
False
Is 990137 a prime number?
True
Is 5447 prime?
False
Is 301747 prime?
True
Is 56969 a composite number?
True
Is 709238 a prime number?
False
Is 136511 prime?
True
Is 1803409 composite?
True
Is 522577 a composite number?
True
Is 262927 a composite number?
True
Is 215093 composite?
True
Is 128591 composite?
False
Is 185389 a prime number?
False
Is 89261 a prime number?
True
Is 140977 a prime number?
True
Is 1183417 a prime number?
False
Is 17693 composite?
True
Is 6805 a composite number?
True
Is 216547 prime?
False
Is 1056083 a prime number?
False
Is 1410635 prime?
False
Is 4811 prime?
False
Is 42491 a prime number?
True
Is 77413 a composite number?
True
Is 910021 composite?
True
Is 11513 prime?
False
Is 25793 a prime number?
True
Is 271853 a composite number?
False
Is 3276103 composite?
False
Is 28369 composite?
True
Is 3691 a composite number?
False
Is 346133 a prime number?
True
Is 62945 prime?
False
Is 1681447 a prime number?
False
Is 37357 prime?
True
Is 31313 a composite number?
True
Is 36769 composite?
True
Is 110361 a prime number?
False
Is 2173 composite?
True
Is 825713 a prime number?
False
Is 10167 prime?
False
Is 140446 a prime number?
False
Is 911 a composite number?
False
Is 476947 composite?
True
Is 38953 a composite number?
False
Is 870517 a prime number?
True
Is 59333 prime?
True
Is 58507 a composite number?
True
Is 111029 a prime number?
True
Is 17291 composite?
False
Is 209733 prime?
False
Is 179209 prime?
True
Is 585579 a prime number?
False
Is 67839 a composite number?
True
Is 1671 prime?
False
Is 34898 prime?
False
Is 19531 composite?
False
Is 26831 a composite number?
True
Is 165749 composite?
False
Is 753 composite?
True
Is 18247 a prime number?
False
Is 271109 prime?
True
Is 374347 a composite number?
False
Is 764111 composite?
False
Is 11887 a prime number?
True
Is 809891 a prime number?
True
Is 377419 a prime number?
False
Is 192155 a prime number?
False
Is 926594 composite?
True
Is 51929 prime?
True
Is 5027 prime?
False
Is 158491 a prime number?
False
Is 59951 a composite number?
False
Is 26431 a prime number?
True
Is 137567 composite?
False
Is 8133 a prime number?
False
Is 1535 a composite number?
True
Is 15901 a prime number?
True
Is 2652667 composite?
False
Is 17671 composite?
True
Is 4751 prime?
True
Is 114179 a composite number?
True
Is 55763 prime?
True
Is 6595 a composite number?
True
Is 67601 a composite number?
False
Is 3325373 a composite number?
False
Is 1811 composite?
False
Is 43207 a prime number?
True
Is 125329 a composite number?
False
Is 166183 a prime number?
True
Is 579169 composite?
True
Is 39383 prime?
True
Is 413779 composite?
False
Is 41215 a prime number?
False
Is 5111 prime?
False
Is 49291 a composite number?
True
Is 263071 a composite number?
False
Is 135914 prime?
False
Is 88751 prime?
False
Is 59507 composite?
True
Is 187898 composite?
True
Is 356533 prime?
True
Is 339 a prime number?
False
Is 29703 composite?
True
Is 135089 composite?
False
Is 257 prime?
True
Is 8659 prime?
False
Is 4201 a composite number?
False
Is 3422801 a prime number?
True
Is 1044385 prime?
False
Is 7123 a composite number?
True
Is 262477 prime?
False
Is 8039 a prime number?
True
Is 373 composite?
False
Is 182165 a prime number?
False
Is 48999 a composite number?
True
Is 53773 composite?
False
Is 8458 a prime number?
False
Is 272683 a composite number?
False
Is 563477 prime?
False
Is 394123 a prime number?
True
Is 17637 a prime number?
False
Is 155569 prime?
True
Is 1973 prime?
True
Is 130769 a composite number?
False
Is 312269 composite?
False
Is 31699 prime?
True
Is 83021 prime?
False
Is 2207527 composite?
True
Is 1814 a composite number?
True
Is 21233 composite?
True
Is 8459 a composite number?
True
Is 20627 a prime number?
True
Is 273545 composite?
True
Is 412717 a prime number?
True
Is 24287 prime?
False
Is 4847 a prime number?
False
Is 8653 prime?
False
Is 663035 a composite number?
True
Is 1061447 a composite number?
True
Is 3035771 a prime number?
True
Is 75817 a prime number?
False
Is 15877 a prime number?
True
Is 59713 a prime number?
False
Is 142501 composite?
False
Is 280453 a prime number?
False
Is 1860947 a composite number?
True
Is 694079 a composite number?
False
Is 206749 a composite number?
False
Is 743 a composite number?
False
Is 7979 a prime number?
False
Is 492481 a composite number?
True
Is 78901 prime?
True
Is 186419 prime?
True
Is 161 composite?
True
Is 48407 a composite number?
False
Is 81823 prime?
False
Is 10651 a prime number?
True
Is 974431 a composite number?
False
Is 3709 composite?
False
Is 11387 a composite number?
True
Is 38707 prime?
True
Is 20555 a composite number?
True
Is 958 a composite number?
True
Is 2173 a prime number?
False
Is 3607 composite?
False
Is 291631 a prime number?
False
Is 4391 prime?
True
Is 13249 composite?
False
Is 23